{"id":10,"date":"2024-01-23T10:14:58","date_gmt":"2024-01-23T10:14:58","guid":{"rendered":"https:\/\/Lederle.digbizmistelbach.info\/?page_id=10"},"modified":"2024-02-02T08:02:04","modified_gmt":"2024-02-02T08:02:04","slug":"huehnerhaltung","status":"publish","type":"page","link":"https:\/\/lederle.digbizmistelbach.info\/","title":{"rendered":"Home"},"content":{"rendered":"\n<div style=\"height:69px\" aria-hidden=\"true\" class=\"wp-block-spacer\"><\/div>\n\n\n\n<h2 class=\"wp-block-heading has-text-align-center has-max-72-font-size\">H\u00fchner<\/h2>\n\n\n\n<p class=\"has-text-align-center\">Das Huhn ist f\u00fcr uns ein wichtiges Haustier, da es sehr gen\u00fcgsam ist und uns sowohl Eier, als auch Fleisch liefert. Auf unserer Webseite findest du viele hilfreiche Tipps zu den Themen:<\/p>\n\n\n\n<div class=\"wp-block-group is-vertical is-content-justification-center is-layout-flex wp-container-core-group-layout-1 wp-block-group-is-layout-flex\">\n<ul style=\"padding-right:0px;padding-left:0px\">\n<li><a href=\"https:\/\/lederle.digbizmistelbach.info\/?page_id=37\" data-type=\"link\" data-id=\"https:\/\/lederle.digbizmistelbach.info\/?page_id=37\">Der richtige Stall\/Lebensraum<\/a><\/li>\n\n\n\n<li><a href=\"https:\/\/lederle.digbizmistelbach.info\/?page_id=71\" data-type=\"link\" data-id=\"https:\/\/lederle.digbizmistelbach.info\/?page_id=71\">Verschiedene Futterarten<\/a><\/li>\n\n\n\n<li><a href=\"https:\/\/lederle.digbizmistelbach.info\/?page_id=91\" data-type=\"link\" data-id=\"https:\/\/lederle.digbizmistelbach.info\/?page_id=91\">Die besten H\u00fchnerrassen<\/a><\/li>\n\n\n\n<li><a href=\"https:\/\/lederle.digbizmistelbach.info\/?page_id=95\" data-type=\"link\" data-id=\"https:\/\/lederle.digbizmistelbach.info\/?page_id=95\">Kontaktieren Sie uns!<\/a><\/li>\n<\/ul>\n<\/div>\n\n\n\n<div style=\"height:136px\" aria-hidden=\"true\" class=\"wp-block-spacer\"><\/div>\n\n\n\n<figure class=\"wp-block-embed aligncenter is-type-video is-provider-youtube wp-block-embed-youtube wp-embed-aspect-16-9 wp-has-aspect-ratio\" style=\"margin-right:var(--wp--preset--spacing--x-large);margin-left:var(--wp--preset--spacing--x-large)\"><div class=\"wp-block-embed__wrapper\">\n<iframe loading=\"lazy\" title=\"So kann jeder H\u00fchner halten! \ud83d\udc13- Nutztierhaltung im eigenen Garten f\u00fcr den Selbstversorger\" width=\"950\" height=\"534\" src=\"https:\/\/www.youtube.com\/embed\/EK5elJh9aGo?feature=oembed\" frameborder=\"0\" allow=\"accelerometer; autoplay; clipboard-write; encrypted-media; gyroscope; picture-in-picture; web-share\" referrerpolicy=\"strict-origin-when-cross-origin\" allowfullscreen><\/iframe>\n<\/div><figcaption class=\"wp-element-caption\">Wie du alles richtig machst!<\/figcaption><\/figure>\n\n\n\n<div style=\"height:100px\" aria-hidden=\"true\" class=\"wp-block-spacer\"><\/div>\n\n\n\n<div class=\"wp-block-buttons is-content-justification-center is-layout-flex wp-container-core-buttons-layout-1 wp-block-buttons-is-layout-flex\">\n<div class=\"wp-block-button is-style-outline\"><a class=\"wp-block-button__link has-text-align-center wp-element-button\" href=\"https:\/\/www.hackls-marille.at\/marillengarten-huehner\/\" target=\"_blank\" rel=\"noreferrer noopener\">Ein Vorbild in der H\u00fchnerhaltung! <br>KLICK HIER<\/a><\/div>\n<\/div>\n\n\n\n<div style=\"height:100px\" aria-hidden=\"true\" class=\"wp-block-spacer\"><\/div>\n","protected":false},"excerpt":{"rendered":"<p>H\u00fchner Das Huhn ist f\u00fcr uns ein wichtiges Haustier, da es sehr gen\u00fcgsam ist und uns sowohl Eier, als auch Fleisch liefert. Auf unserer Webseite findest du viele hilfreiche Tipps zu den Themen:<\/p>\n","protected":false},"author":1,"featured_media":0,"parent":0,"menu_order":0,"comment_status":"closed","ping_status":"closed","template":"page-templates\/homepage-builder-bb.php","meta":{"footnotes":""},"_links":{"self":[{"href":"https:\/\/lederle.digbizmistelbach.info\/index.php?rest_route=\/wp\/v2\/pages\/10"}],"collection":[{"href":"https:\/\/lederle.digbizmistelbach.info\/index.php?rest_route=\/wp\/v2\/pages"}],"about":[{"href":"https:\/\/lederle.digbizmistelbach.info\/index.php?rest_route=\/wp\/v2\/types\/page"}],"author":[{"embeddable":true,"href":"https:\/\/lederle.digbizmistelbach.info\/index.php?rest_route=\/wp\/v2\/users\/1"}],"replies":[{"embeddable":true,"href":"https:\/\/lederle.digbizmistelbach.info\/index.php?rest_route=%2Fwp%2Fv2%2Fcomments&post=10"}],"version-history":[{"count":11,"href":"https:\/\/lederle.digbizmistelbach.info\/index.php?rest_route=\/wp\/v2\/pages\/10\/revisions"}],"predecessor-version":[{"id":153,"href":"https:\/\/lederle.digbizmistelbach.info\/index.php?rest_route=\/wp\/v2\/pages\/10\/revisions\/153"}],"wp:attachment":[{"href":"https:\/\/lederle.digbizmistelbach.info\/index.php?rest_route=%2Fwp%2Fv2%2Fmedia&parent=10"}],"curies":[{"name":"wp","href":"https:\/\/api.w.org\/{rel}","templated":true}]}}